{"id":561,"date":"2023-09-14T21:28:30","date_gmt":"2023-09-14T19:28:30","guid":{"rendered":"http:\/\/www.illevriero.it\/new\/?page_id=561"},"modified":"2023-09-14T21:28:33","modified_gmt":"2023-09-14T19:28:33","slug":"testi-occidente2023","status":"publish","type":"page","link":"https:\/\/www.illevriero.it\/new\/testi-occidente2023\/","title":{"rendered":"TESTI &#8211; L&#8217;Occidente &#8211; MMXXIII"},"content":{"rendered":"\n<div class=\"wp-block-cover advgb-dyn-db13eb38\"><span aria-hidden=\"true\" class=\"wp-block-cover__background has-background-dim\"><\/span><img fetchpriority=\"high\" decoding=\"async\" width=\"438\" height=\"323\" class=\"wp-block-cover__image-background wp-image-182\" alt=\"\" src=\"http:\/\/www.illevriero.it\/new\/wp-content\/uploads\/2020\/06\/lyrics-e1592682894479.jpg\" data-object-fit=\"cover\" srcset=\"https:\/\/www.illevriero.it\/new\/wp-content\/uploads\/2020\/06\/lyrics-e1592682894479.jpg 438w, https:\/\/www.illevriero.it\/new\/wp-content\/uploads\/2020\/06\/lyrics-e1592682894479-300x221.jpg 300w\" sizes=\"(max-width: 438px) 100vw, 438px\" \/><div class=\"wp-block-cover__inner-container is-layout-flow wp-block-cover-is-layout-flow\">\n<p class=\"has-text-align-center has-large-font-size\"><mark style=\"background-color:rgba(0, 0, 0, 0)\" class=\"has-inline-color has-neve-button-color-color\"><strong>L&#8217;OCCIDENTE &#8211; MMXXIII <\/strong><\/mark><\/p>\n\n\n\n<p class=\"has-text-align-center has-large-font-size\"><mark style=\"background-color:rgba(0, 0, 0, 0)\" class=\"has-inline-color has-neve-button-color-color\"><strong>Testi<\/strong><\/mark><\/p>\n<\/div><\/div>\n\n\n\n<div style=\"height:100px\" aria-hidden=\"true\" class=\"wp-block-spacer\"><\/div>\n\n\n<div class=\"wp-block-image\">\n<figure class=\"aligncenter size-full is-resized advgb-dyn-b12a882b\"><img decoding=\"async\" src=\"http:\/\/www.illevriero.it\/new\/wp-content\/uploads\/2023\/06\/ZZZZZZocci2023.jpg\" alt=\"\" class=\"wp-image-553\" style=\"width:300px;height:300px\" width=\"300\" height=\"300\" srcset=\"https:\/\/www.illevriero.it\/new\/wp-content\/uploads\/2023\/06\/ZZZZZZocci2023-150x150.jpg 150w, https:\/\/www.illevriero.it\/new\/wp-content\/uploads\/2023\/06\/ZZZZZZocci2023-600x600.jpg 600w\" sizes=\"(max-width: 300px) 100vw, 300px\" \/><\/figure><\/div>\n\n<h4>\u00a0<\/h4>\n<h4>\u00a0<\/h4>\n<h4>L&#8217;OCCIDENTE<\/h4>\n<p>Come genti del Nord dai barbarici Numi<br \/>Che scambiarono per Roma i marmi di Luni,<br \/>O gli Altaici dell\u2019Est errabondi e ferini<br \/>Fondatori d\u2019imperi per pascolarvi ronzini.<br \/>O i predoni del Sud, autoeletti Signori<br \/>Inventandosi un dio da servi-pastori,<br \/>Abbiamo stomaci esausti, ma appetiti da iene,<br \/>Tutti incontro alla sera che viene\u2026<\/p>\n<p>Dove va a cadere il sole, sepolcreto di tramonti:<br \/>Quando s\u2019alza il fortunale, si sa, chi avanza<br \/>Per primo affonder\u00e0.<\/p>\n<p>Deleghiamo ogni cosa, anche l\u2019esser violenti,<br \/>Ma la guerra dei ventri ci scopre impotenti.<br \/>Sempre sotto tutela di un corretto pensare<br \/>Che ci castra quel tanto da tirare a campare<br \/>Dentro a questo circuito senza ieri o domani,<br \/>Per leccar quattro ossa come s\u2019addice ai cani:<br \/>Non ho pi\u00f9 alcuna voglia di fare il possibilista,<br \/>Guardo solo la notte che \u00e8 in vista\u2026<\/p>\n<p>Dove va a morire il sole, l\u2019orizzonte inghiotte i giorni,<br \/>La stagione del Maestrale, lo sai, dispero che torni.<br \/>Dove va a sfinirsi il vento, l\u2019orizzonte incontra l\u2019onda,<br \/>Sono oltre al mare aperto e pi\u00f9 in l\u00e0, ma non vi \u00e8 sponda\u2026<\/p>\n<p>Tra Vladivostok, la propaggine estrema<br \/>E le Orcadi che sono d\u2019Occaso il diadema,<br \/>Suggestivo, lo so, ma a che pro ci si crede,<br \/>Se il tenerci alla pelle resta l\u2019unica fede?<br \/>Ci ostiniamo a pensarci quali punti d\u2019arrivo,<br \/>Ma il pi\u00f9 morto di \u201cloro\u201d \u00e8 pur sempre pi\u00f9 vivo<br \/>Di chi ormai ha di sacro giusto un osso sul culo<br \/>E d\u2019un tratto la notte \u00e8 gi\u00e0 un muro!<\/p>\n<p>Muro che non sente pianti, muro che recinge il niente:<br \/>Solo un punto cardinale e nulla pi\u00f9 quest\u2019Occidente.<br \/>E se il sole vi si spegne, e se ora \u00e8 giunto il tempo,<br \/>Quella fiaccola di Atene che tu sai, difendila dal vento<br \/>Che verr\u00e0\u2026<\/p>\n<\/p>\n\n\n<hr class=\"wp-block-separator has-css-opacity advgb-dyn-c3f4f0ad\"\/>\n\n\n<h4>&nbsp;<\/h4>\n<h4>SANTA LUCE DEI MACELLI<\/h4>\n<p>Pi\u00f9 lenta e greve d\u2019un volo d\u2019avvoltoio<br \/>La folla orante avanza come bovi al mattatoio.<br \/>Che entri il coro, che Luce sia<br \/>Di ceri innumerevoli a punteggiar la via.<br \/>E per toccare i lembi di sacra vestizione<br \/>Come se fosse un balsamo che d\u00e0 consolazione<br \/>Ginocchi strisciano e lasciano una scia<br \/>Schiumante e bruna come un\u2019agonia\u2026<\/p>\n<p>Come crivellato Golgota bianco seno tra le spine<br \/>E in capo a Lei<br \/>Le fanno da corona gli astri dell\u2019Orsa Maggiore.<br \/>Col suo volto avorio e porpora guarda a noi sulle rovine,<br \/>Ed \u00e8 per noi<br \/>Che l\u2019abissale colubro tiene sotto il tallone!<\/p>\n<p>Ma del Vattiente la gamba insanguinata<br \/>Insinua una lezione che resta inascoltata:<br \/>Che la mitezza non sempre \u00e8 una virt\u00f9<br \/>Chi doma il suo soffrire, non vuole schiavit\u00f9!<br \/>Se il Cardo Santo \u00e8 Atto Di Dolore<br \/>Come le Sette Spade che vanno a berle in cuore,<br \/>Vedo il virile, sereno sprezzo del-<br \/>L\u2019arcaico oplita che fa dono di s\u00e9.<\/p>\n<p>E dalle sdentate fauci di megere nero-notte<br \/>Riechegger\u00e0<br \/>Sonora l\u2019onda panica di ioniche rotte,<br \/>Delle primavere attiche quelle sacre frenesie<br \/>Crescono in me,<br \/>E certe guerre estatiche diventano mie.<br \/>Sento ancora tra le dita calde viscere fumanti<br \/>E scorgo in Lei,<br \/>Le traiettorie mistiche di uccelli migranti.<br \/>Perci\u00f2 stringo quel revolver e a ragione che mi chiedi<br \/>Risponder\u00f2<br \/>Di nuovo \u00e8 tempo che gli Dei si onorino in piedi!<\/p>\n<\/p>\n\n\n<hr class=\"wp-block-separator has-css-opacity advgb-dyn-c3f4f0ad\"\/>\n\n\n<h4>TERMINALE BALCANICO<\/h4>\n<p>Nelle armonie vocaliche <br \/>Delle parlate ungare<br \/>Reminiscenze mongole<br \/>Rimandano oltre gli Urali.<\/p>\n<p>In Transilvania i Sassoni<br \/>Su ingaggio in armi vennero<br \/>Come coloni liberi<br \/>A contrasto della Mezzaluna.<\/p>\n<p>Scopri un&#8217;eco millenaria<br \/>Della marcia legionaria<br \/>Dritta al cuore della Dacia<br \/>Nel Latino che s&#8217;incrocia<br \/>Con gli Illiri lupi grigi<br \/>E coi Sarmati e coi Frigi<br \/>Con gli Sciti del Mar Nero<br \/>In quest&#8217;ultimo avamposto dell&#8217;Impero.<\/p>\n<p>Il terminale balcanico:<br \/>L&#8217;Oriente \u00e8 un fiato di belva,<br \/>Nostro cilicio atavico<br \/>Spinoso di steppa e di selva.<br \/>E&#8217; il terminale balcanico,<br \/>Confine tra il dentro ed il fuori,<br \/>Un crocevia satanico<br \/>Di rinomati orrori.<\/p>\n<p>Arciduchesse bulgare,<br \/>Virtuose di frusta e sciabola,<br \/>Cavalcano a pelo e corrono<br \/>A piedi nudi nella neve.<br \/>Del Comandante Arcangelo<br \/>La buona moglie Elena<br \/>Ci offriva the con mandorle<br \/>In composta di ciliegie amare.<\/p>\n<p>E nascoste nei granai,<br \/>Seppellite nei solai,<br \/>Scorte d&#8217;armi familiari,<br \/>Multigenerazionali,<br \/>Che esperienza ha messo in serbo<br \/>Per quel fronte sempre aperto<br \/>Presso l&#8217;argine orientale:<br \/>Un Costato sempre pronto a sanguinare.<\/p>\n<p>Il terminale balcanico<br \/>Ha sempre cadaveri freschi,<br \/>Incubo Pan-Turanico<br \/>Che innalza torri di teschi.<br \/>Nel terminale balcanico<br \/>Volteggi su una gamba sola,<br \/>Sul tambureggiar sciamanico<br \/>Tra i fuochi di Candelora.<br \/>Soffiano umore panico<br \/>Siringhe di pastori,<br \/>Voli su un tempo dispari<br \/>Che fa scoppiare i cuori&#8230;<\/p>\n<\/p>\n\n\n<hr class=\"wp-block-separator has-alpha-channel-opacity\"\/>\n\n\n\n<p><\/p>\n\n\n\n<h4 class=\"wp-block-heading\">IN GERMANIA, ALL&#8217;ANTEGUERRA   (IN GERMANY BEFORE THE WAR*)<\/h4>\n\n\n\n<p>In un presagio di tormenta,<br>Germania di met\u00e0 anni &#8217;30,<br>L&#8217;estate che declina lenta<br>A D\u00fcsseldorf\u2026<\/p>\n\n\n\n<p>Laggi\u00f9 nel parco lungo il Reno,<br>Nell&#8217;ora del tramonto un uomo<br>Compare pi\u00f9 puntuale del destino.<\/p>\n\n\n\n<p>Negli occhi scorre il fiume, sente un mare dentro s\u00e9<br>Un mare dentro s\u00e9,\u2026<br>Di fronte solo il fiume, ma ha un mare dentro che\u2026<\/p>\n\n\n\n<p>E sulle lenti degli occhiali<br>Si specchia un cielo gi\u00e0 autunnale,<br>E una bambina bionda che<br>Non sa tornare\u2026<br>Negli occhi ha il grigio di quell&#8217;ora,<br>Del giorno che agonizza ancora\u2026<\/p>\n\n\n\n<p>Lui guarda sempre il fiume sente il mare dentro s\u00e9,<br>Un mare nero che\u2026<br>Un mare nero che\u2026<\/p>\n\n\n\n<p>Crepuscolo che al buio cede,<br>Immobile in perfetta quiete<br>Le giace accanto\u2026<br><br>*Originale di Randy Newman<\/p>\n","protected":false},"excerpt":{"rendered":"<p>\u00a0 \u00a0 L&#8217;OCCIDENTE Come genti del Nord dai barbarici NumiChe scambiarono per Roma i marmi di Luni,O gli Altaici dell\u2019Est errabondi e feriniFondatori d\u2019imperi per pascolarvi ronzini.O i predoni del Sud, autoeletti SignoriInventandosi un dio da servi-pastori,Abbiamo stomaci esausti, ma appetiti da iene,Tutti incontro alla sera che viene\u2026 Dove va a cadere il sole, sepolcreto&hellip;&nbsp;<a href=\"https:\/\/www.illevriero.it\/new\/testi-occidente2023\/\" rel=\"bookmark\">Leggi tutto &raquo;<span class=\"screen-reader-text\">TESTI &#8211; L&#8217;Occidente &#8211; MMXXIII<\/span><\/a><\/p>\n","protected":false},"author":3,"featured_media":0,"parent":0,"menu_order":0,"comment_status":"closed","ping_status":"closed","template":"","meta":{"_uag_custom_page_level_css":"","advgb_blocks_editor_width":"","advgb_blocks_columns_visual_guide":"","kk_blocks_editor_width":"","_kiokenblocks_attr":"","_kiokenblocks_dimensions":"","neve_meta_sidebar":"","neve_meta_container":"","neve_meta_enable_content_width":"off","neve_meta_content_width":0,"neve_meta_title_alignment":"","neve_meta_author_avatar":"","neve_post_elements_order":"","neve_meta_disable_header":"","neve_meta_disable_footer":"","neve_meta_disable_title":"","_themeisle_gutenberg_block_has_review":false,"footnotes":""},"class_list":["post-561","page","type-page","status-publish","hentry"],"featured_image_src":null,"featured_image_src_square":null,"uagb_featured_image_src":{"full":false,"thumbnail":false,"medium":false,"medium_large":false,"large":false,"1536x1536":false,"2048x2048":false,"ab-block-post-grid-landscape":false,"ab-block-post-grid-square":false,"neve-blog":false},"uagb_author_info":{"display_name":"Il Levriero Staff","author_link":"https:\/\/www.illevriero.it\/new\/author\/il-levriero-staff\/"},"uagb_comment_info":0,"uagb_excerpt":"\u00a0 \u00a0 L&#8217;OCCIDENTE Come genti del Nord dai barbarici NumiChe scambiarono per Roma i marmi di Luni,O gli Altaici dell\u2019Est errabondi e feriniFondatori d\u2019imperi per pascolarvi ronzini.O i predoni del Sud, autoeletti SignoriInventandosi un dio da servi-pastori,Abbiamo stomaci esausti, ma appetiti da iene,Tutti incontro alla sera che viene\u2026 Dove va a cadere il sole, sepolcreto&hellip;&nbsp;Leggi&hellip;","coauthors":[],"author_meta":{"author_link":"https:\/\/www.illevriero.it\/new\/author\/il-levriero-staff\/","display_name":"Il Levriero Staff"},"relative_dates":{"created":"Pubblicato 3 anni fa","modified":"Aggiornato 3 anni fa"},"absolute_dates":{"created":"Pubblicato il 14\/09\/2023","modified":"Aggiornato il 14\/09\/2023"},"absolute_dates_time":{"created":"Pubblicato il 14\/09\/2023 21:28","modified":"Aggiornato il 14\/09\/2023 21:28"},"featured_img_caption":"","featured_img":false,"series_order":"","_links":{"self":[{"href":"https:\/\/www.illevriero.it\/new\/wp-json\/wp\/v2\/pages\/561","targetHints":{"allow":["GET"]}}],"collection":[{"href":"https:\/\/www.illevriero.it\/new\/wp-json\/wp\/v2\/pages"}],"about":[{"href":"https:\/\/www.illevriero.it\/new\/wp-json\/wp\/v2\/types\/page"}],"author":[{"embeddable":true,"href":"https:\/\/www.illevriero.it\/new\/wp-json\/wp\/v2\/users\/3"}],"replies":[{"embeddable":true,"href":"https:\/\/www.illevriero.it\/new\/wp-json\/wp\/v2\/comments?post=561"}],"version-history":[{"count":3,"href":"https:\/\/www.illevriero.it\/new\/wp-json\/wp\/v2\/pages\/561\/revisions"}],"predecessor-version":[{"id":583,"href":"https:\/\/www.illevriero.it\/new\/wp-json\/wp\/v2\/pages\/561\/revisions\/583"}],"wp:attachment":[{"href":"https:\/\/www.illevriero.it\/new\/wp-json\/wp\/v2\/media?parent=561"}],"curies":[{"name":"wp","href":"https:\/\/api.w.org\/{rel}","templated":true}]}}

<div class="wp-block-cover advgb-dyn-db13eb38"><span aria-hidden="true" class="wp-block-cover__background has-background-dim"></span><img fetchpriority="high" decoding="async" width="438" height="323" class="wp-block-cover__image-background wp-image-182" alt="" src="http://www.illevriero.it/new/wp-content/uploads/2020/06/lyrics-e1592682894479.jpg" data-object-fit="cover" srcset="https://www.illevriero.it/new/wp-content/uploads/2020/06/lyrics-e1592682894479.jpg 438w, https://www.illevriero.it/new/wp-content/uploads/2020/06/lyrics-e1592682894479-300x221.jpg 300w" sizes="(max-width: 438px) 100vw, 438px" /><div class="wp-block-cover__inner-container is-layout-flow wp-block-cover-is-layout-flow">
<p class="has-text-align-center has-large-font-size"><mark style="background-color:rgba(0, 0, 0, 0)" class="has-inline-color has-neve-button-color-color"><strong>L&#8217;OCCIDENTE &#8211; MMXXIII </strong></mark></p>



<p class="has-text-align-center has-large-font-size"><mark style="background-color:rgba(0, 0, 0, 0)" class="has-inline-color has-neve-button-color-color"><strong>Testi</strong></mark></p>
</div></div>



<div style="height:100px" aria-hidden="true" class="wp-block-spacer"></div>


<div class="wp-block-image">
<figure class="aligncenter size-full is-resized advgb-dyn-b12a882b"><img decoding="async" src="http://www.illevriero.it/new/wp-content/uploads/2023/06/ZZZZZZocci2023.jpg" alt="" class="wp-image-553" style="width:300px;height:300px" width="300" height="300" srcset="https://www.illevriero.it/new/wp-content/uploads/2023/06/ZZZZZZocci2023-150x150.jpg 150w, https://www.illevriero.it/new/wp-content/uploads/2023/06/ZZZZZZocci2023-600x600.jpg 600w" sizes="(max-width: 300px) 100vw, 300px" /></figure></div>

<h4> </h4>
<h4> </h4>
<h4>L&#8217;OCCIDENTE</h4>
<p>Come genti del Nord dai barbarici Numi<br />Che scambiarono per Roma i marmi di Luni,<br />O gli Altaici dell’Est errabondi e ferini<br />Fondatori d’imperi per pascolarvi ronzini.<br />O i predoni del Sud, autoeletti Signori<br />Inventandosi un dio da servi-pastori,<br />Abbiamo stomaci esausti, ma appetiti da iene,<br />Tutti incontro alla sera che viene…</p>
<p>Dove va a cadere il sole, sepolcreto di tramonti:<br />Quando s’alza il fortunale, si sa, chi avanza<br />Per primo affonderà.</p>
<p>Deleghiamo ogni cosa, anche l’esser violenti,<br />Ma la guerra dei ventri ci scopre impotenti.<br />Sempre sotto tutela di un corretto pensare<br />Che ci castra quel tanto da tirare a campare<br />Dentro a questo circuito senza ieri o domani,<br />Per leccar quattro ossa come s’addice ai cani:<br />Non ho più alcuna voglia di fare il possibilista,<br />Guardo solo la notte che è in vista…</p>
<p>Dove va a morire il sole, l’orizzonte inghiotte i giorni,<br />La stagione del Maestrale, lo sai, dispero che torni.<br />Dove va a sfinirsi il vento, l’orizzonte incontra l’onda,<br />Sono oltre al mare aperto e più in là, ma non vi è sponda…</p>
<p>Tra Vladivostok, la propaggine estrema<br />E le Orcadi che sono d’Occaso il diadema,<br />Suggestivo, lo so, ma a che pro ci si crede,<br />Se il tenerci alla pelle resta l’unica fede?<br />Ci ostiniamo a pensarci quali punti d’arrivo,<br />Ma il più morto di “loro” è pur sempre più vivo<br />Di chi ormai ha di sacro giusto un osso sul culo<br />E d’un tratto la notte è già un muro!</p>
<p>Muro che non sente pianti, muro che recinge il niente:<br />Solo un punto cardinale e nulla più quest’Occidente.<br />E se il sole vi si spegne, e se ora è giunto il tempo,<br />Quella fiaccola di Atene che tu sai, difendila dal vento<br />Che verrà…</p>
</p>


<hr class="wp-block-separator has-css-opacity advgb-dyn-c3f4f0ad"/>


<h4>&nbsp;</h4>
<h4>SANTA LUCE DEI MACELLI</h4>
<p>Più lenta e greve d’un volo d’avvoltoio<br />La folla orante avanza come bovi al mattatoio.<br />Che entri il coro, che Luce sia<br />Di ceri innumerevoli a punteggiar la via.<br />E per toccare i lembi di sacra vestizione<br />Come se fosse un balsamo che dà consolazione<br />Ginocchi strisciano e lasciano una scia<br />Schiumante e bruna come un’agonia…</p>
<p>Come crivellato Golgota bianco seno tra le spine<br />E in capo a Lei<br />Le fanno da corona gli astri dell’Orsa Maggiore.<br />Col suo volto avorio e porpora guarda a noi sulle rovine,<br />Ed è per noi<br />Che l’abissale colubro tiene sotto il tallone!</p>
<p>Ma del Vattiente la gamba insanguinata<br />Insinua una lezione che resta inascoltata:<br />Che la mitezza non sempre è una virtù<br />Chi doma il suo soffrire, non vuole schiavitù!<br />Se il Cardo Santo è Atto Di Dolore<br />Come le Sette Spade che vanno a berle in cuore,<br />Vedo il virile, sereno sprezzo del-<br />L’arcaico oplita che fa dono di sé.</p>
<p>E dalle sdentate fauci di megere nero-notte<br />Riecheggerà<br />Sonora l’onda panica di ioniche rotte,<br />Delle primavere attiche quelle sacre frenesie<br />Crescono in me,<br />E certe guerre estatiche diventano mie.<br />Sento ancora tra le dita calde viscere fumanti<br />E scorgo in Lei,<br />Le traiettorie mistiche di uccelli migranti.<br />Perciò stringo quel revolver e a ragione che mi chiedi<br />Risponderò<br />Di nuovo è tempo che gli Dei si onorino in piedi!</p>
</p>


<hr class="wp-block-separator has-css-opacity advgb-dyn-c3f4f0ad"/>


<h4>TERMINALE BALCANICO</h4>
<p>Nelle armonie vocaliche <br />Delle parlate ungare<br />Reminiscenze mongole<br />Rimandano oltre gli Urali.</p>
<p>In Transilvania i Sassoni<br />Su ingaggio in armi vennero<br />Come coloni liberi<br />A contrasto della Mezzaluna.</p>
<p>Scopri un&#8217;eco millenaria<br />Della marcia legionaria<br />Dritta al cuore della Dacia<br />Nel Latino che s&#8217;incrocia<br />Con gli Illiri lupi grigi<br />E coi Sarmati e coi Frigi<br />Con gli Sciti del Mar Nero<br />In quest&#8217;ultimo avamposto dell&#8217;Impero.</p>
<p>Il terminale balcanico:<br />L&#8217;Oriente è un fiato di belva,<br />Nostro cilicio atavico<br />Spinoso di steppa e di selva.<br />E&#8217; il terminale balcanico,<br />Confine tra il dentro ed il fuori,<br />Un crocevia satanico<br />Di rinomati orrori.</p>
<p>Arciduchesse bulgare,<br />Virtuose di frusta e sciabola,<br />Cavalcano a pelo e corrono<br />A piedi nudi nella neve.<br />Del Comandante Arcangelo<br />La buona moglie Elena<br />Ci offriva the con mandorle<br />In composta di ciliegie amare.</p>
<p>E nascoste nei granai,<br />Seppellite nei solai,<br />Scorte d&#8217;armi familiari,<br />Multigenerazionali,<br />Che esperienza ha messo in serbo<br />Per quel fronte sempre aperto<br />Presso l&#8217;argine orientale:<br />Un Costato sempre pronto a sanguinare.</p>
<p>Il terminale balcanico<br />Ha sempre cadaveri freschi,<br />Incubo Pan-Turanico<br />Che innalza torri di teschi.<br />Nel terminale balcanico<br />Volteggi su una gamba sola,<br />Sul tambureggiar sciamanico<br />Tra i fuochi di Candelora.<br />Soffiano umore panico<br />Siringhe di pastori,<br />Voli su un tempo dispari<br />Che fa scoppiare i cuori&#8230;</p>
</p>


<hr class="wp-block-separator has-alpha-channel-opacity"/>



<p></p>



<h4 class="wp-block-heading">IN GERMANIA, ALL&#8217;ANTEGUERRA   (IN GERMANY BEFORE THE WAR*)</h4>



<p>In un presagio di tormenta,<br>Germania di metà anni &#8217;30,<br>L&#8217;estate che declina lenta<br>A Düsseldorf…</p>



<p>Laggiù nel parco lungo il Reno,<br>Nell&#8217;ora del tramonto un uomo<br>Compare più puntuale del destino.</p>



<p>Negli occhi scorre il fiume, sente un mare dentro sé<br>Un mare dentro sé,…<br>Di fronte solo il fiume, ma ha un mare dentro che…</p>



<p>E sulle lenti degli occhiali<br>Si specchia un cielo già autunnale,<br>E una bambina bionda che<br>Non sa tornare…<br>Negli occhi ha il grigio di quell&#8217;ora,<br>Del giorno che agonizza ancora…</p>



<p>Lui guarda sempre il fiume sente il mare dentro sé,<br>Un mare nero che…<br>Un mare nero che…</p>



<p>Crepuscolo che al buio cede,<br>Immobile in perfetta quiete<br>Le giace accanto…<br><br>*Originale di Randy Newman</p>
