{"id":2,"date":"2017-02-24T10:40:15","date_gmt":"2017-02-24T09:40:15","guid":{"rendered":"http:\/\/www.illevriero.it\/new\/?page_id=2"},"modified":"2020-07-03T21:49:10","modified_gmt":"2020-07-03T19:49:10","slug":"ardito","status":"publish","type":"page","link":"https:\/\/www.illevriero.it\/new\/ardito\/","title":{"rendered":"LA BALLATA DELL&#8217;ARDITO"},"content":{"rendered":"<p><img fetchpriority=\"high\" decoding=\"async\" class=\"alignnone size-full wp-image-73\" src=\"http:\/\/www.illevriero.it\/new\/wp-content\/uploads\/2020\/06\/ardito2005.jpg\" alt=\"\" width=\"300\" height=\"300\" srcset=\"https:\/\/www.illevriero.it\/new\/wp-content\/uploads\/2020\/06\/ardito2005.jpg 300w, https:\/\/www.illevriero.it\/new\/wp-content\/uploads\/2020\/06\/ardito2005-150x150.jpg 150w\" sizes=\"(max-width: 300px) 100vw, 300px\" \/><\/p>\n<div class=\"edgtf-album-details-holder\">\n<div class=\"edgtf-album-details edgtf-album-artists\"><strong>Artist:<\/strong> IANVA<\/div>\n<div class=\"edgtf-album-details edgtf-album-labels\"><strong>Label:<\/strong> Antica Fonografia Il Levriero<br><strong>Tipologia:<\/strong> CDr EP <\/div>\n<div class=\"edgtf-album-details edgtf-album-date\"><strong>Release Date:<\/strong> 28-2-2005<\/div>\n<div class=\"edgtf-album-details edgtf-album-genres\"><strong>Genres:<\/strong> Chanson, Dark Cabaret, Italian, Italian Cabaret Melodrama, Martial, Neofolk, Old Fashioned, Songwriter, Soundtrack<p><\/p>\n<\/div>\n<div class=\"edgtf-album-details edgtf-album-people\"><strong>Personnel&nbsp;<\/strong> <br>Mercy: voce, liriche, concepto <br>Stefania T. D\u2019Alterio: voce, liriche<br>Argento: chitarre acustiche ed elettriche <br>Francesco La Rosa: percussioni d\u2019ogni sorta, programmazione macchine <br>Fabio Gremo: chitarra classica, contrabbasso e programmazione macchine<br>Giuseppe Span\u00f2: pianoforte <br>Azoth: basso elettrico <br>Fabio Fabbri: tromba <br>Riccardo Casazza: fisarmonica <p><\/p>\n<p><strong>Registrazioni a cura di: <\/strong>Francesco La Rosa (ReAbo Studios) <br><strong>Prodotto da:<\/strong> IANVA <br><strong>Grafica e supervisione generale:<\/strong> Massimo Bellucci per &#8220;Antica Fonografia Il Levriero&#8221;<\/p><\/div>\n<\/div>\n<p><\/p>\n\n\n<hr class=\"wp-block-separator\"\/>\n\n\n<h4>Tracklist<p><\/p>\n<\/h4>\n<div class=\"edgtf-album-details-holder\">&nbsp;<\/div>\n<div class=\"edgtf-track-holder edgtf-unique-track-5753-\"><span class=\"edgtf-track-title\" data-track-index=\"0\"> <span class=\"edgtf-track-number\"> 1. <\/span> La Ballata Dell&#8217;Ardito<\/span><\/div>\n<div class=\"edgtf-track-holder edgtf-unique-track-5753-\"><span class=\"edgtf-track-title\" data-track-index=\"1\"> <span class=\"edgtf-track-number\"> 2. <\/span> Un Sogno D&#8217;Elettra<\/span><\/div>\n<div class=\"edgtf-track-holder edgtf-unique-track-5753-\"><span class=\"edgtf-track-title\" data-track-index=\"2\"> <span class=\"edgtf-track-number\"> 3. <\/span> Amsterdam&nbsp; (<em>Jacques Brel&#8217;s Cover<\/em>)<br><\/span><\/div>\n<p><\/p>\n\n\n<hr class=\"wp-block-separator\"\/>\n\n\n<h4>Concepto<\/h4>\n<p><span class=\"txt\">Primo estratto da \u201cDisobbedisco!\u201d<br>In cui s\u2019introduce il protagonista maschile: Magg. Cesare Renzi del IX Reparto Arditi, pluridecorato eroe di guerra \u201c<em>dalla bocca amara e dall\u2019animo di patriarca isolano<\/em>\u201d, attualmente a capo del servizio interno di sicurezza della Libera Repubblica Di Fiume,<\/span> e la protagonista femminile: Elettra Stavros, Chanteuse Archeo-Futurista, Diva della Gaia Fiume occupata, Spia al soldo delle tenebrose plutocrazie, e \u201cpreda naturale\u201d del Magg. Renzi\u2026 <br>Correda il tutto un doveroso omaggio della Div. IANVA a quattro numinosi \u201cArditi\u201d disobbedienti: Jacques, Scott, Marc e Duilio (cover registrata live in occasione dell\u2019anniversario della Presa di Fiume).<br><span class=\"txt\">Per quanti volessero saperne di pi\u00f9 sulla vicenda quivi raccontata e sui fatti oscuri e mirabili che vengono narrati nel libro di memorie di Giovanni Laurago \u201cMai Cos\u00ec Pieno Di Vita\u201d, li rimandiamo a &#8220;Disobbedisco!&#8221;.<br><\/span><\/p>\n<p><\/p>\n\n\n<hr class=\"wp-block-separator\"\/>\n\n\n\n<div class=\"wp-block-buttons aligncenter is-layout-flex wp-block-buttons-is-layout-flex\">\n<div class=\"wp-block-button is-style-primary\"><a class=\"wp-block-button__link\" href=\"testi-la-ballata-dellardito\" target=\"_blank\" rel=\"noreferrer noopener\">TESTI<\/a><\/div>\n\n\n\n<div class=\"wp-block-button is-style-primary\"><a class=\"wp-block-button__link\" href=\"lyrics--la-ballata-dellardito\" target=\"_blank\" rel=\"noreferrer noopener\">LYRICS<\/a><\/div>\n<\/div>\n\n\n\n<hr class=\"wp-block-separator\"\/>\n\n\n<h4>Reviews<\/h4>\n<blockquote>\n<p><em>&#8220;<\/em><span class=\"txt\"><em>&#8230; I tre brani riuniti ne &#8220;La Ballata Dell&#8217;Ardito&#8221; riportano in auge lo spirito della folk-song impegnata che dipinge contesti e intreccia storie di vita italiana mettendoci slancio e profonda passione&#8221;<\/em>.<br><\/span><span class=\"txt\">(Aldo Chimenti &#8211; Rockerilla (I) &#8211; 4\/5 &#8211; April 2005) <br><\/span><\/p>\n<\/blockquote>\n<blockquote>\n<p><em>&#8220;Its theatrical and so out-of-step with contemporary music it recalls the European cabaret of the forties and fifties and rekindles the European sensibility captured so beautifully on Scott Walker\u2019s Brel recordings and on Marc Almond\u2019s Jacques and French albums. So its hardly surprising to find Ianva delivering a commendable live version of Brel\u2019s \u2019Amsterdam\u2019&#8230;.&#8221;<\/em> <br>(Tony Dickie &#8211; Compulsion (UK) &#8211; 2005)<\/p>\n<\/blockquote>\n<blockquote>\n<p><em>&#8220;&#8230; L&#8217;aspetto intrigante della questione \u00e8, lo ripetiamo, proprio questo: si ascolta Ianva e si pensa subito alla novit\u00e0 a corpo unico della proposta, e non a un enorme puzzle di richiami, passoni e esperienze musicali dei suoi componenti. Bella e coinvolgente, su tutte, la ripresa di &#8216;Amsterdam&#8217; di Brel&#8230; Ma c&#8217;\u00e8 spazio per molto altro: la solennit\u00e0 che grazie a un tono poetico e colloquiale diventa patrimonio per tutti, la capacit\u00e0 di fare della melodia un punto di forza, il sapersi sporcare le mani coi propri strumenti..&#8221;<\/em><br>(Gianfranco Santoro &#8211; Ritual (I) n.21 &#8211; 2005)<\/p>\n<\/blockquote>\n\n\n<p><\/p>\n","protected":false},"excerpt":{"rendered":"<p>Artist: IANVA Label: Antica Fonografia Il LevrieroTipologia: CDr EP Release Date: 28-2-2005 Genres: Chanson, Dark Cabaret, Italian, Italian Cabaret Melodrama, Martial, Neofolk, Old Fashioned, Songwriter, Soundtrack Personnel&nbsp; Mercy: voce, liriche, concepto Stefania T. D\u2019Alterio: voce, liricheArgento: chitarre acustiche ed elettriche Francesco La Rosa: percussioni d\u2019ogni sorta, programmazione macchine Fabio Gremo: chitarra classica, contrabbasso e programmazione&hellip;&nbsp;<a href=\"https:\/\/www.illevriero.it\/new\/ardito\/\" rel=\"bookmark\">Leggi tutto &raquo;<span class=\"screen-reader-text\">LA BALLATA DELL&#8217;ARDITO<\/span><\/a><\/p>\n","protected":false},"author":1,"featured_media":0,"parent":0,"menu_order":0,"comment_status":"closed","ping_status":"open","template":"","meta":{"_uag_custom_page_level_css":"","advgb_blocks_editor_width":"","advgb_blocks_columns_visual_guide":"","kk_blocks_editor_width":"","_kiokenblocks_attr":"","_kiokenblocks_dimensions":"","neve_meta_sidebar":"","neve_meta_container":"","neve_meta_enable_content_width":"off","neve_meta_content_width":0,"neve_meta_title_alignment":"","neve_meta_author_avatar":"","neve_post_elements_order":"","neve_meta_disable_header":"","neve_meta_disable_footer":"","neve_meta_disable_title":"","_themeisle_gutenberg_block_has_review":false,"footnotes":""},"class_list":["post-2","page","type-page","status-publish","hentry"],"featured_image_src":null,"featured_image_src_square":null,"uagb_featured_image_src":{"full":false,"thumbnail":false,"medium":false,"medium_large":false,"large":false,"1536x1536":false,"2048x2048":false,"ab-block-post-grid-landscape":false,"ab-block-post-grid-square":false,"neve-blog":false},"uagb_author_info":{"display_name":"adminlevriero","author_link":"https:\/\/www.illevriero.it\/new\/author\/adminlevriero\/"},"uagb_comment_info":0,"uagb_excerpt":"Artist: IANVA Label: Antica Fonografia Il LevrieroTipologia: CDr EP Release Date: 28-2-2005 Genres: Chanson, Dark Cabaret, Italian, Italian Cabaret Melodrama, Martial, Neofolk, Old Fashioned, Songwriter, Soundtrack Personnel&nbsp; Mercy: voce, liriche, concepto Stefania T. D\u2019Alterio: voce, liricheArgento: chitarre acustiche ed elettriche Francesco La Rosa: percussioni d\u2019ogni sorta, programmazione macchine Fabio Gremo: chitarra classica, contrabbasso e programmazione&hellip;&nbsp;Leggi&hellip;","coauthors":[],"author_meta":{"author_link":"https:\/\/www.illevriero.it\/new\/author\/adminlevriero\/","display_name":"adminlevriero"},"relative_dates":{"created":"Pubblicato 9 anni fa","modified":"Aggiornato 6 anni fa"},"absolute_dates":{"created":"Pubblicato il 24\/02\/2017","modified":"Aggiornato il 03\/07\/2020"},"absolute_dates_time":{"created":"Pubblicato il 24\/02\/2017 10:40","modified":"Aggiornato il 03\/07\/2020 21:49"},"featured_img_caption":"","featured_img":false,"series_order":"","_links":{"self":[{"href":"https:\/\/www.illevriero.it\/new\/wp-json\/wp\/v2\/pages\/2","targetHints":{"allow":["GET"]}}],"collection":[{"href":"https:\/\/www.illevriero.it\/new\/wp-json\/wp\/v2\/pages"}],"about":[{"href":"https:\/\/www.illevriero.it\/new\/wp-json\/wp\/v2\/types\/page"}],"author":[{"embeddable":true,"href":"https:\/\/www.illevriero.it\/new\/wp-json\/wp\/v2\/users\/1"}],"replies":[{"embeddable":true,"href":"https:\/\/www.illevriero.it\/new\/wp-json\/wp\/v2\/comments?post=2"}],"version-history":[{"count":6,"href":"https:\/\/www.illevriero.it\/new\/wp-json\/wp\/v2\/pages\/2\/revisions"}],"predecessor-version":[{"id":450,"href":"https:\/\/www.illevriero.it\/new\/wp-json\/wp\/v2\/pages\/2\/revisions\/450"}],"wp:attachment":[{"href":"https:\/\/www.illevriero.it\/new\/wp-json\/wp\/v2\/media?parent=2"}],"curies":[{"name":"wp","href":"https:\/\/api.w.org\/{rel}","templated":true}]}}